*3/2 - 6*h**2. Give z(x).
3
Let w(h) = 1 - 18*h + 30*h - 17*h. Let n(b) = b**3 + 5*b**2 - b - 6. Let o be n(-5). Determine w(o).
6
Let i(n) be the first derivative of -n**3/3 + n**2/2 + 3*n - 9. Let l = -5 + 2. Give i(l).
-9
Let g(b) = -b**2 - b - 5. Let s be g(-4). Let l(w) = -w**2 - 2*w - 2. Let a(h) = 3*h**2 + 6*h + 5. Let j(m) = s*l(m) - 6*a(m). What is j(-3)?
1
Let b(g) be the first derivative of 0*g**3 - 3/2*g**2 + 0*g - 3 + 1/24*g**4. Let h(y) be the second derivative of b(y). What is h(4)?
4
Let m(d) = -d**3 + 4*d**2 - 4*d + 2. Suppose -5*t - r = -28, -5*r + 0*r = -5*t + 10. Let y = -2 + t. Let j be m(y). Let h(q) = -6*q**2 + q + 1. Give h(j).
-6
Let l(i) = 3*i**2 - 2*i - 1. Let f(n) = n**3 + 2*n**2 - n - 1. Let h(p) = 4*f(p) - 3*l(p). Determine h(1).
4
Let c(a) = a**2 + 4*a + 4. Let h be c(-4). Suppose -j - 10 = -2*d, 6 = h*d + 5*j - 14. Let t(g) = g + 2. Calculate t(d).
7
Let o(q) = -6*q**2 + 4*q + 55 + q**3 - 55. Give o(5).
-5
Let p(y) be the second derivative of -y**4/6 + 7*y**3/6 - 2*y**2 - 19*y. Give p(4).
-8
Let r(i) = -i**2 + i + 5. Let t be -2*2/4*-3. Suppose 0 = -2*u - t*u - 5, 5*c = -4*u - 4. Determine r(c).
5
Suppose 1 = n - 0. Let d be (-2*n)/((-4)/(-18)). Let l be 2/3 + 51/d. Let h(q) = -2*q - 6. Give h(l).
4
Let o(n) = -n**2 - 7*n - 7. Suppose 0 = -6*m + 4*m + 28. Let f = 9 - m. Calculate o(f).
3
Let c(b) = b - 10. Let l(h) = -h + 9. Let t(u) = -5*c(u) - 6*l(u). Suppose -6*y + 4*y + 14 = 2*a, -3*a = -2*y + 4. Let f = 2 + a. What is t(f)?
0
Let x(o) = 2*o - 2*o**2 - 2*o**2 + 6*o**2 + 0 + 1 + 6*o**3. What is x(-1)?
-5
Let p(v) = v**3 - 5*v**2 - 5*v - 1. Let s be p(6). Suppose 3*q + s + 10 = 0. Let c(o) = -o**3 - 6*o**2 - 3*o + 4. Calculate c(q).
-6
Let t(d) = -4*d - 2*d**2 - d + 3*d**2 + d + 3. Let r = 4 - 2. Suppose -4*a + 26 = r*f, 0*a + 3*a = -2*f + 22. Determine t(a).
3
Let u(k) be the first derivative of k**4/2 - k**2/2 - k - 1. Let g(n) = -n**3 + 3*n**2 + n - 4. Let f be g(3). What is u(f)?
-2
Let a(b) be the first derivative of -b**3/3 + b**2 - b - 8. Give a(3).
-4
Let j = 10 - -11. Let l be -9*(j/(-9) + 2). Let m(q) = -q**3 + 4*q**2 - 3*q + 3. What is m(l)?
3
Let z(a) = -a**3 + 2*a + 1. Let m(o) = o**3 + 10*o**2 + 6*o - 12. Let r be m(-9). Let h = -13 + r. Give z(h).
-3
Let t(n) = -n - 1. Let z be t(-1). Let u(r) = -4*r**3 + 8 - r + 7*r**3 - 2*r**3. Determine u(z).
8
Let t = -4 - -6. Let u(l) = -l**2 + 5*l - t + 4 + 2*l**2. Suppose 4*c + 0*c = -8. What is u(c)?
-4
Let c(f) be the second derivative of -f**5/20 - 5*f**4/12 + 7*f**3/6 + 2*f**2 - 3*f. Calculate c(-6).
-2
Let q(n) = n**2 + 9*n - 8. Let h be q(-10). Let b be 2/(-7) - 16/(-7). Let v(i) = -2*i**2 - 4*i**h + 4*i**b - i**3 + i. Give v(-2).
-2
Let o(k) = -k + 10. Let c(q) = -2*q**2 - 17*q + 5. Let s(x) = -x**2 - 8*x + 2. Let a(n) = -3*c(n) + 7*s(n). Let b be a(-3). What is o(b)?
5
Suppose 5*i + 32 = 7. Let o(z) = -z - 6. Let m be o(i). Let h(v) = 2*v**3 + 2*v + 4*v**3 - 7*v + 4*v. Calculate h(m).
-5
Let q(a) = -a**2 + 3*a - 2. Suppose 3*w = -2*d + 4, 2*w - d = 3*d + 8. What is q(w)?
0
Let l(h) = h**2 + h. Suppose -5*c - 5*q = -20, 0 = 4*c - q + 3 - 14. Suppose -u + c*u = 0. What is l(u)?
0
Let q(k) = 3*k**2 - 10*k + 2. Let h(p) = -p**2. Let j(u) = 4*h(u) + q(u). Let t be j(-9). Let a(n) = 2*n + t - 11. Give a(-2).
-4
Let l(h) = -6*h - 1. Let d be (-1)/(0 + -1 + 2). Give l(d).
5
Suppose -6*z - 8 = -4*z. Let w(b) = b**2 + 5*b + 2. Calculate w(z).
-2
Suppose 0 = -g + 3 - 1. Suppose 2*r = i + g*i - 10, -3*i + 20 = -4*r. Let x(j) = -j - 1. Determine x(i).
-1
Let h(v) be the third derivative of -v**4/12 - v**3/6 + 9*v**2. What is h(1)?
-3
Let y(z) = z**2 + z - 1. Let o be 0/2 - 4*-1. Let f = -4 + o. Suppose -5*d - 2 = -2*x, f = -d - 2*d - 3*x + 3. Determine y(d).
-1
Let o(q) = 2*q - 4. Let x be o(5). Let b(h) = h**2 - 9*h + 6. Calculate b(x).
-12
Let u(i) = -i**3 + 3*i**2 + 3*i + 1. Let j be u(3). Let q be (-4 - -5)/((-2)/j). Let s(p) = -p**2 - 4*p. What is s(q)?
-5
Let y(d) = 2*d - 7. Suppose -h + 8 = -4*h - 4*l, -h = -5*l - 29. Let v = h + 1. Calculate y(v).
3
Let i(v) = v**2 + 7*v + 2. Let n = -15 + 16. Let p be -6*1 - -1 - n. What is i(p)?
-4
Let s(c) = c + 1. Suppose -2*a + 3*a = 12. Let h = a - 7. Determine s(h).
6
Let x(m) = 4*m**2 + 2. Let l(u) = 2*u**2 + 2*u - 2. Let p be l(-1). Determine x(p).
18
Let k(i) = -3*i + 9. Let v(f) = -f**2 - 12*f - 14. Let h be v(-10). Give k(h).
-9
Let b(v) = v - 8. Let l(i) be the first derivative of -3*i**2 + 40*i - 3. Let r(s) = 11*b(s) + 2*l(s). Let o = -17 - -12. Give r(o).
-3
Let h(o) = -3*o**3 - 2*o**2 + 2*o - 2. Let t(j) = -6*j**3 - 5*j**2 + 5*j - 5. Let p(r) = 5*h(r) - 2*t(r). Determine p(1).
-3
Let j(c) = c + 3. Let z(b) = -1 - b**2 - 2 + 2*b + 0. Let p = -5 - -7. Let k be z(p). What is j(k)?
0
Let a(h) = -2*h. Let l be (2/(-3))/((-24)/108). Calculate a(l).
-6
Let i be (3/2)/((-12)/(-32)). Let o(j) be the first derivative of -3*j**2/2 - j - 60. Give o(i).
-13
Let c(q) = 2 + 2*q**3 + 3 + 6*q**2 - q**3 + 5*q. Let j = 13 + -9. Suppose j*g - 3 = -7, 0 = -2*z - 4*g - 14. Give c(z).
5
Let o(v) = -v**2 + 6*v + 9. Let s(y) = 3*y**2 - 11*y - 19. Let z(j) = -5*o(j) - 2*s(j). What is z(-7)?
0
Let m(w) = w**2 + 2*w - 9. Suppose -d - f + 3*f = 11, 5 = -4*d - 5*f. What is m(d)?
6
Let q(s) = -11*s**2 + 15*s - 5. Let n(i) = -7*i**2 + 10*i - 3. Let z(w) = 8*n(w) - 5*q(w). Let j be ((-3)/(-9))/(2/24). What is z(j)?
5
Let i(d) = -3*d**2 + 25*d + 34. Let a(f) = -f**2 + 8*f + 11. Let u(l) = -7*a(l) + 2*i(l). Give u(7).
-2
Let s be 2*((-1)/(-2) + -1). Let b(h) be the first derivative of h + 1/3*h**3 + 0*h**2 - 4. Calculate b(s).
2
Suppose 3*s + 25 = -2*s. Let h(z) = z**2 + 6*z - 1. What is h(s)?
-6
Suppose 4*w = 4*k + 32, 4*k + w + 14 = -3. Let f(d) = -2*d**2 + 5*d. Let g(j) = j**2 - 5*j. Let q(a) = 2*f(a) + 3*g(a). Determine q(k).
0
Suppose 10 = 4*m + 2. Suppose 4*o + 3*n - 6 = 5, -2*n + 8 = 3*o. Let u(t) = 0 - o*t**2 - m*t + 1 + t**2. Calculate u(1).
-2
Let m(l) = l - 3. Let i(y) be the first derivative of y**2/2 - 3. Let t(c) = 5*c + 7. Let r(a) = -4*i(a) + t(a). Let p be r(-11). What is m(p)?
-7
Let j = -7 + 9. Suppose 4 = 5*k + j*t, -4*k + 6*t = t - 23. Let b(y) = 8*y**k - 8*y**2 + 4*y + y**2. Determine b(-2).
-4
Let x(s) = -s**2 - 2*s. Let r(o) = o. Let f(i) = 4*r(i) - x(i). Suppose 71 = -22*m - 39. Determine f(m).
-5
Let t(z) = z - 1. Let s(c) = 3*c**3 + 5 - 2*c**3 - 3*c**2 - c + 3*c**2 + c**2. Let g be s(0). Give t(g).
4
Suppose -2*i + 18 = 4*k, -k + 3*k = 2*i - 6. Let c(f) = -f + 4. Calculate c(i).
-1
Let b(s) = 3*s**2 - 2*s + 1. Suppose 3*m - 2 = 2*p, -5*m - 4*p = -2*p - 14. Give b(m).
9
Suppose -4 = 4*v - 3*t - 2*t, -3*v = 4*t + 3. Let n(g) be the second derivative of g**4/6 + g. Calculate n(v).
2
Let r(w) = 9*w - 1. Let x be r(1). Suppose -2*m - 7 = -9*i + 4*i, -5*i + x = -3*m. Let g(k) = -6*k**3 + k**2 + k - 1. Determine g(i).
-5
Let o(s) = 8*s. Suppose d = 2 - 3. Determine o(d).
-8
Let g(r) be the third derivative of 0*r - 1/6*r**3 + 2*r**2 - 1/30*r**5 - 1/12*r**4 - 1/360*r**6 + 0. Let l(m) be the first derivative of g(m). Give l(-3).
1
Suppose -6 = -2*z - 0. Let i(v) = -16*v + 16. Let d(o) = -5*o + 5. Let n(u) = z*i(u) - 10*d(u). Determine n(-2).
-6
Let h = -96 - -94. Let a(g) = 2*g**2 + 3*g + 1. Calculate a(h).
3
Let j(h) = h**3 + 2*h**2 + 1. Let p(i) = i**2 + 11*i - 2. Let t be p(-11). What is j(t)?
1
Let u = -1 - 1. Let t(y) = 3 - 4*y - 3 + 1 - y. Calculate t(u).
11
Let s = -6 - -6. Let u(y) = -8*y**3 + 2*y**2 + s - 2 - 1 + 2. Determine u(-1).
9
Let g(c) = c**2 - 1. Let p = 9 - 8. Let j be (-1 - p)/(-6)*-9. Determine g(j).
8
Let n be (2 + -3 - -11)/2. Let p be -5*1 + (n - 5). Let g(j) = j - 6. Give g(p).
-11
Let u(h) be the third derivative of -h**6/120 - h**5/12 - h**3/2 + h**2. Let i be u(-5). Let y(m) = 6 - 3*m + 2 - 2*m**2 + 2 - 8. Calculate y(i).
-7
Let j(w) = -w**2 + w + 6. Let b(t) = t**3 + t. Let q be b(0). Give j(q).
6
Let a(t) be the second derivative of t**3/6 - 6*t. Give a(-7).
-7
Suppose -2*u + 14 = 3*r - 0*r, 5*r + 3*u - 22 = 0. Let t(o) be the second derivative of -1/3*o**3 + 0 - 2*o**r + 2*o. What is t(-4)?
4
Let o(n) = -n**2 - 5*n - 3. Let a be 2/3 - (-12)/9. Suppose -q - 3*p + 2*p = 4, a = -q + p. Calculate o(q).
3
Let f(v) = v**2 - 6*v + 1. Let x(g) = -5*g**2 + 30*g - 4. Let r(j) = 11*f(j) + 2*x(j